s the remainder when 26314 is divided by 153?
151
What is the remainder when 5603592 is divided by 117?
111
What is the remainder when 21974 is divided by 5058?
1742
Calculate the remainder when 4605 is divided by 577.
566
Calculate the remainder when 13576 is divided by 82.
46
What is the remainder when 244280 is divided by 109?
11
What is the remainder when 740106 is divided by 5?
1
What is the remainder when 9183 is divided by 174?
135
What is the remainder when 6542 is divided by 1589?
186
What is the remainder when 5337 is divided by 89?
86
What is the remainder when 7005 is divided by 478?
313
Calculate the remainder when 12323 is divided by 26.
25
What is the remainder when 51131 is divided by 376?
371
Calculate the remainder when 14299 is divided by 1558.
277
What is the remainder when 23935 is divided by 36?
31
Calculate the remainder when 93066 is divided by 2659.
1
What is the remainder when 7046 is divided by 142?
88
Calculate the remainder when 4549 is divided by 1503.
40
Calculate the remainder when 840603 is divided by 1800.
3
What is the remainder when 156021 is divided by 36?
33
What is the remainder when 4336 is divided by 4298?
38
Calculate the remainder when 58899 is divided by 201.
6
What is the remainder when 64728 is divided by 1327?
1032
What is the remainder when 431001 is divided by 196?
193
What is the remainder when 2698 is divided by 272?
250
What is the remainder when 88768 is divided by 29?
28
Calculate the remainder when 466 is divided by 254.
212
Calculate the remainder when 391962 is divided by 109.
107
What is the remainder when 129788 is divided by 25956?
8
Calculate the remainder when 755 is divided by 652.
103
Calculate the remainder when 6756 is divided by 17.
7
Calculate the remainder when 3646 is divided by 19.
17
What is the remainder when 15638 is divided by 5211?
5
Calculate the remainder when 28778 is divided by 9575.
53
What is the remainder when 15725 is divided by 3141?
20
Calculate the remainder when 10734 is divided by 39.
9
What is the remainder when 1399 is divided by 443?
70
What is the remainder when 12920 is divided by 379?
34
Calculate the remainder when 35049 is divided by 23.
20
Calculate the remainder when 2787 is divided by 18.
15
Calculate the remainder when 5672 is divided by 379.
366
Calculate the remainder when 169649 is divided by 522.
521
Calculate the remainder when 350 is divided by 216.
134
Calculate the remainder when 2024 is divided by 673.
5
Calculate the remainder when 130641 is divided by 36.
33
What is the remainder when 123718 is divided by 12?
10
Calculate the remainder when 63229 is divided by 430.
19
What is the remainder when 30493 is divided by 49?
15
Calculate the remainder when 74902 is divided by 60.
22
Calculate the remainder when 534711 is divided by 13.
8
Calculate the remainder when 2361 is divided by 336.
9
Calculate the remainder when 76607 is divided by 72.
71
What is the remainder when 3972 is divided by 84?
24
What is the remainder when 21618 is divided by 1544?
2
Calculate the remainder when 3077 is divided by 110.
107
What is the remainder when 8841 is divided by 4418?
5
Calculate the remainder when 6211 is divided by 560.
51
Calculate the remainder when 7219 is divided by 784.
163
What is the remainder when 24667 is divided by 257?
252
What is the remainder when 48945 is divided by 445?
440
Calculate the remainder when 19624 is divided by 385.
374
Calculate the remainder when 556 is divided by 118.
84
What is the remainder when 4409 is divided by 861?
104
Calculate the remainder when 16510 is divided by 104.
78
Calculate the remainder when 1999750 is divided by 194.
192
What is the remainder when 1241 is divided by 222?
131
Calculate the remainder when 1658 is divided by 185.
178
Calculate the remainder when 492 is divided by 56.
44
What is the remainder when 5739 is divided by 1157?
1111
What is the remainder when 393786 is divided by 672?
666
Calculate the remainder when 86633 is divided by 44.
41
Calculate the remainder when 46240 is divided by 202.
184
Calculate the remainder when 8031 is divided by 572.
23
Calculate the remainder when 60775 is divided by 2637.
124
What is the remainder when 19101 is divided by 6353?
42
Calculate the remainder when 1001 is divided by 148.
113
What is the remainder when 18871 is divided by 1048?
7
Calculate the remainder when 2725 is divided by 2709.
16
Calculate the remainder when 781 is divided by 496.
285
Calculate the remainder when 22438 is divided by 11199.
40
Calculate the remainder when 1032137 is divided by 93830.
7
Calculate the remainder when 34954 is divided by 4985.
59
What is the remainder when 331299 is divided by 3?
0
Calculate the remainder when 2270 is divided by 38.
28
Calculate the remainder when 3201533 is divided by 208.
205
What is the remainder when 30926 is divided by 12?
2
Calculate the remainder when 1273 is divided by 169.
90
What is the remainder when 2126 is divided by 1036?
54
What is the remainder when 3293757 is divided by 823439?
1
Calculate the remainder when 4185876 is divided by 86.
84
Calculate the remainder when 109923 is divided by 14.
9
Calculate the remainder when 17526 is divided by 1348.
2
Calculate the remainder when 262245 is divided by 49.
46
Calculate the remainder when 3599 is divided by 459.
386
Calculate the remainder when 14643 is divided by 14629.
14
Calculate the remainder when 2631 is divided by 33.
24
What is the remainder when 2634280 is divided by 42?
40
What is the remainder when 1805561 is divided by 121?
120
Calculate the remainder when 915597 is divided by 42.
39
What is the remainder when 18928 is divided by 112?
0
What is the remainder when 14677 is divided by 359?
317
What is the remainder when 6570 is divided by 506?
498
What is the remainder when 26098 is divided by 45?
43
What is the remainder when 1383479 is divided by 14?
13
What is the remainder when 21205 is divided by 5?
0
What is the remainder when 504 is divided by 24?
0
What is the remainder when 870477 is divided by 234?
231
What is the remainder when 76608 is divided by 504?
0
What is the remainder when 41895 is divided by 146?
139
What is the remainder when 29307 is divided by 128?
123
What is the remainder when 22839 is divided by 28?
19
Calculate the remainder when 15753 is divided by 156.
153
What is the remainder when 122139 is divided by 394?
393
What is the remainder when 6666 is divided by 117?
114
Calculate the remainder when 20342 is divided by 129.
89
What is the remainder when 740 is divided by 412?
328
Calculate the remainder when 2316 is divided by 253.
39
Calculate the remainder when 11814 is divided by 786.
24
Calculate the remainder when 346 is divided by 38.
4
What is the remainder when 11028 is divided by 31?
23
Calculate the remainder when 25400 is divided by 21.
11
Calculate the remainder when 692 is divided by 43.
4
What is the remainder when 195277 is divided by 40?
37
What is the remainder when 1774888 is divided by 13?
11
What is the remainder when 151683 is divided by 1185?
3
What is the remainder when 12250 is divided by 1469?
498
What is the remainder when 28504 is divided by 28467?
37
What is the remainder when 3151 is divided by 1437?
277
What is the remainder when 42554 is divided by 45?
29
What is the remainder when 12665 is divided by 72?
65
What is the remainder when 5461 is divided by 1243?
489
What is the remainder when 5351 is divided by 11?
5
What is the remainder when 7988 is divided by 78?
32
What is the remainder when 26059 is divided by 3250?
59
Calculate the remainder when 129982 is divided by 8.
6
What is the remainder when 7782 is divided by 178?
128
What is the remainder when 7359 is divided by 369?
348
Calculate the remainder when 13791 is divided by 129.
117
What is the remainder when 523329 is divided by 417?
411
Calculate the remainder when 12380 is divided by 2058.
32
What is the remainder when 11405 is divided by 777?
527
What is the remainder when 5064 is divided by 225?
114
Calculate the remainder when 10251 is divided by 4720.
811
What is the remainder when 14418 is divided by 646?
206
Calculate the remainder when 68261 is divided by 471.
437
What is the remainder when 2461445 is divided by 1413?
1412
Calculate the remainder wh